555 - (-892)/60?
10
Let x = 8 + 41. Let y be 21/(-14) + 9/2. Suppose 2*i - 361 - 31 = -a, 0 = -y*i + 2*a + 574. Calculate the remainder when i is divided by x.
47
Calculate the remainder when 185 is divided by (-1832)/(-11) + 174/(-319).
19
What is the remainder when 441 is divided by 28/(-42) + 1830/45 + (-2)/(-2)?
31
Suppose 34*u - 1653 = -53*u. Suppose 6*p = -5*p + 2475. Calculate the remainder when p is divided by u.
16
Let l(c) be the third derivative of c**5/60 - c**4/24 - 25*c**3/3 + 75*c**2. What is the remainder when 31 is divided by l(8)?
1
Let c = 2670 - 2610. What is the remainder when 287 is divided by c?
47
Calculate the remainder when (23430/495)/((-2)/(-63)) is divided by 249.
246
Let d(b) = 5*b**2 - 33*b - 407. What is the remainder when 136 is divided by d(-7)?
67
Suppose -20*u = -4*u + 68672. What is the remainder when u/(-6) - (-140)/(-60) is divided by 65?
63
Suppose -3*l = -5*k - 89, -789 = -5*l + 5*k - 614. What is the remainder when 12683 is divided by l?
41
Let p(z) = z**3 + 13*z**2 + 24*z - 10. Let y be p(-10). Let s be 5/((-10)/(-4)) - -28. Let j = s + y. What is the remainder when j is divided by 28?
24
Suppose -5*f + 48 = 68. Let r(v) = -16*v + 39. Let x(o) = -3*o + 8. Let n(w) = -2*r(w) + 11*x(w). What is the remainder when n(f) is divided by 5?
4
Let p be ((-4)/((-48)/(-12)))/(2/(-8)). Suppose r + 4*k - 18 - 1 = 0, -2*r - p*k = -42. Let a = 18 + -6. What is the remainder when r is divided by a?
11
Let u = 7956 - 7575. What is the remainder when u is divided by 353?
28
Let q be (2 + -5 - -1) + (-5 - -2). Let x be (-2)/q + (-292)/(-20). What is the remainder when (-345)/(-10)*10/x is divided by 4?
3
Let v(s) = 2*s**2 - 21*s - 37. Let f(t) = t**3 - 8*t**2 - 14*t + 57. Calculate the remainder when v(14) is divided by f(9).
1
Let c = -204 - -99. Let k = c - -148. Calculate the remainder when (-8 + 0 + 6)*k/(-2) is divided by 23.
20
Suppose 3*p = -9, -3*p - 33 = -5*m + 21. Suppose 0 = -m*r + 5*r - 4. Calculate the remainder when 91 + -3 + 4 - r is divided by 32.
29
Let u = -7755 - -7836. What is the remainder when 942 is divided by u?
51
Suppose -16 = 9*m + 47. Let n(h) = -3*h + 27. Let l be n(m). Suppose -a - 2*s = -2*a + l, s = -2*a + 86. What is the remainder when 128 is divided by a?
40
Let v be 186/16 + 48/128. Calculate the remainder when ((-36)/(-10))/((-11)/((-3630)/v)) is divided by 26.
21
Let x = 20 - -7. Let b(v) = -27*v - 138. What is the remainder when b(-10) is divided by x?
24
Let g be 2*((-105)/(-10) + 4 + -5). Suppose -29*l + g*l = -1390. Calculate the remainder when l is divided by 28.
27
Suppose -5*g + 5*n = -6055, 98*n - 95*n = -2*g + 2392. What is the remainder when g is divided by 9?
8
Let m(a) = -a**3 + 30*a**2 + 30*a + 28. Let d be m(31). Let k(y) = 7*y**2 + 11*y + 10. Calculate the remainder when 235 is divided by k(d).
35
Suppose 0 = b - 37 - 13. What is the remainder when b is divided by (80/6)/(2470/(-60) + 42)?
2
Suppose 4151 = 19*b + 66. Let g = b - 179. Calculate the remainder when 250 is divided by g.
34
Let d = 42313 - 42305. Calculate the remainder when 65 is divided by d.
1
Let t be (-1)/((-76)/(-20) - 4) - 4. What is the remainder when 108 is divided by (t + 57)*1*(-15)/(-30)?
21
Let c = -66 + 218. Suppose -2*a + c = 4*p, 6*p + 124 = 10*p - 5*a. Calculate the remainder when p is divided by 13.
10
Suppose 3*o + 46*p - 49*p = 669, 3*p = -5*o + 1099. Calculate the remainder when 1553 is divided by o.
6
Let n be ((-12)/(-9))/((-4)/(-18)). Suppose -n*v + v = -50. Suppose 268 = 8*c + 6*c + 58. What is the remainder when c is divided by v?
5
Let v(h) = h**2 - 6*h + 90. Suppose 2*w = 5*o + 84, 0 = w - 2*o - 38 - 2. Calculate the remainder when v(0) is divided by w.
26
Let l(d) be the third derivative of d**4/24 + 67*d**3/6 + 2*d**2 - 2*d. What is the remainder when 87 is divided by l(-21)?
41
Let x be 178*2/(2*2). Let i(w) = 18*w - 285. Let a be i(16). Suppose a*j - x = 28. Calculate the remainder when j is divided by 21.
18
Let t = -6 + 12. Let n = -281 - -282. What is the remainder when t is divided by (n + 0/4)/(1/2)?
0
Let y = 95 + -158. Let x = y - -65. Calculate the remainder when x is divided by (-12 + 18)*1/3.
0
Suppose f - 4*j - 52 - 2 = 0, 4*f - 3*j = 164. What is the remainder when ((-24)/15)/(2/(-140)) is divided by f?
36
Let v(i) = 7*i**2 + 97*i + 404. What is the remainder when v(-9) is divided by 30?
8
Suppose -9*v - 28 = -64. Suppose -2 = 2*i - 0. Let a = v + i. Calculate the remainder when 10 is divided by a.
1
Suppose 5*f - m - 82 = -2*m, 3*m + 42 = 3*f. Let w(r) = -r**2 - 14*r + 70. Calculate the remainder when w(-16) is divided by f.
6
Let q = 124721 + -124676. Suppose 0 = 5*l - 9 - 1. Suppose -58 = -3*k - l*r, -3*r - 10 - 7 = -2*k. What is the remainder when q is divided by k?
13
Let y = 13 - 11. Suppose 0 = -4*p + m - 1, -4*p - m + 3*m = -y. Let c(q) = 13*q**2 - q - 3. What is the remainder when 39 is divided by c(p)?
6
Suppose 0 = 4*h + i - 1332, -19*h + 1332 = -15*h + 4*i. What is the remainder when 624 is divided by h?
291
Calculate the remainder when 1954 is divided by (2/5)/(21/(203490/12)).
16
Let t(g) = -2*g**2 + 12*g + 19. Let u be t(7). Suppose b + y - 7 = 0, 9*b = 7*b + u*y + 28. What is the remainder when 14 is divided by b?
5
Suppose -26 = -h - h. Suppose -139*z = -18828 - 6887. Suppose -h*k + z + 75 = 0. What is the remainder when k is divided by 11?
9
Let r = -6251 + 6627. What is the remainder when 814 is divided by r?
62
Suppose 0 = 3*i - 123 - 165. Suppose 5*f + i = 4*g, 0 = -g - 2*g + 4*f + 72. What is the remainder when 71 is divided by g?
23
Let k be (-4)/(-8)*(-48)/(-4). Let f be (k + -12)/(6/(-4)). Suppose 2*r + 3*s - 30 = 0, 0*s + 2*s - 68 = -f*r. Calculate the remainder when 71 is divided by r.
17
Let n(w) = 18*w**2 + 1115*w - 43. What is the remainder when n(-62) is divided by 9?
1
Let s = -142 - -128. Calculate the remainder when (-8)/s + (-5724)/(-28) + 4 is divided by 15.
14
Let s = -12102 + 13931. Calculate the remainder when s is divided by 8.
5
Let i(t) = -2*t**3 - 14*t**2 - 82*t - 431. What is the remainder when i(-12) is divided by 285?
283
Suppose 85 = 10*k - 205. Suppose m - 4*q = k, -1 = -2*q - 9. What is the remainder when 36 is divided by m?
10
Suppose -81*s + 30*s + 2601 = 0. Calculate the remainder when 2701 is divided by s.
49
Suppose 5*b - 70 = 3*v, 0 = 7*b - 9*b + 5*v + 9. Let j = 33 + 12. Suppose 0*x = -5*x + j. Calculate the remainder when b is divided by x.
8
Let j = 138 - 893. Let i = j + 784. What is the remainder when i is divided by 15?
14
What is the remainder when 1734/5780 + (-55034)/(-20) is divided by 4?
0
Let q = 33 + -29. Suppose 3*d - 4*d + 2 = -4*n, 20 = q*d - 4*n. Suppose 0 = -d*l - l + 140. Calculate the remainder when 59 is divided by l.
19
Let m = -103 + 263. Let t(h) = 12*h + 306. Calculate the remainder when m is divided by t(-24).
16
Let b(j) = -5*j + 794. What is the remainder when b(-28) is divided by 311?
1
Let q(s) = -4*s**3 + s**2 - 14*s + 62. Calculate the remainder when q(-7) is divided by 787.
7
Let t = 8510 - 8477. What is the remainder when 3991 is divided by t?
31
Let z be (-17)/(((-4)/(-3))/(-4)). Let h = 79 - 11. Let u = h - z. Calculate the remainder when 33 is divided by u.
16
Suppose -2*i - 16*o + 364 = -12*o, -4*i + o + 773 = 0. What is the remainder when i is divided by 25?
17
Let a(m) be the first derivative of 5*m**2/2 - 8*m - 2. Calculate the remainder when (90/(-35))/(10/(-420)) is divided by a(6).
20
Suppose -644 - 91 = -7*g. Suppose -15 = -5*q + g. Suppose 11*l - 7334 + 6311 = 0. What is the remainder when l is divided by q?
21
Suppose 0 = -9*c - 33*c + 1890. What is the remainder when 84 is divided by c?
39
Suppose 3*p = 3*q - 144, 4*q - 216 = 270*p - 272*p. Calculate the remainder when 1605 is divided by q.
45
Let g(k) = -10*k - 4. Let u be g(-9). Suppose 0 = -b - 0*b + u. Suppose 2*d = 6, -3*n - 3*d + 31 = -2*n. What is the remainder when b is divided by n?
20
Suppose 526830 = 3074*p + 59582. Let a = -2 + -1. Let y(d) = -d**3 + 4. Calculate the remainder when p is divided by y(a).
28
What is the remainder when 398 is divided by (-7*8/(-168))/((-10)/(-2790))?
26
Let m(g) = 10*g + 73. Let j be m(-7). Suppose -3*h + 309 = -2*l, -j*h + 0*h + 4*l = -309. Calculate the remainder 